 -12).
3
Let p(d) = -d**3 - 6*d**2 - 2*d - 9. Let o = 18 + -25. What is the remainder when p(o) is divided by 19?
16
Suppose 134 = 4*i + 78. What is the remainder when 52 is divided by i?
10
Let x(r) = 0 - r - r - 3. Let l(w) = -w - 1. Let c be l(3). Calculate the remainder when 9 is divided by x(c).
4
What is the remainder when 57 is divided by ((-45)/(-6))/(0 - (-2)/4)?
12
Let t(g) = 3*g - 30. Calculate the remainder when t(17) is divided by 10.
1
Let l(v) = -v - 1. Let d be l(4). Let n = 79 + d. Let g = -45 + n. Calculate the remainder when g is divided by 15.
14
Let s = 13 + -5. Calculate the remainder when s is divided by 3.
2
Suppose 0 = 57*z - 54*z - 9. What is the remainder when 17 is divided by z?
2
Let o = -14 - -55. What is the remainder when o is divided by 11?
8
Let w(s) = s**2 + 5*s + 6. Let j be w(-5). Calculate the remainder when 286/6 + j/18 is divided by 25.
23
Suppose 0 = s + 2*s - 150. Let u(x) = x**2 + x + 17. Let n be u(0). Suppose 0*p + p = n. Calculate the remainder when s is divided by p.
16
Let d be (-1 + (-2)/(-5))*-5. Suppose -k - 22 = -t, 5*k + 29 = d*k - 3*t. Let u = k + 29. Calculate the remainder when 19 is divided by u.
9
Let m(f) = f**2 + 12*f + 11. What is the remainder when 32 is divided by m(-12)?
10
Suppose -3*n + 6*f + 51 = 3*f, 5*n - 4*f = 88. Let y = 69 - 30. What is the remainder when y is divided by n?
19
Let b = -12 + 15. What is the remainder when -1 - (-7)/((-21)/(-36)) is divided by b?
2
Let f(q) = q**3 + 14*q**2 + 8*q - 18. Let d be f(-13). Let w = 97 - d. Calculate the remainder when w is divided by 13.
11
Let b(n) = n**2 - 6. Let h be b(0). Let c = h - -8. Suppose -2 - c = -u. What is the remainder when 10 is divided by u?
2
Let n be -4 - (-1 + 2/(-2)). Let a = 8 + n. Calculate the remainder when 17 is divided by a.
5
Let d(t) = -t**2 - 7*t - 4. Let v = -7 - -28. What is the remainder when v is divided by d(-3)?
5
Let c = 137 - 126. What is the remainder when c is divided by 6?
5
Suppose 3*h + 1 + 74 = 5*g, -2*h = 3*g - 64. Let l = 2 + 3. Suppose -56 + 12 = -l*o - 3*p, p - 8 = -o. What is the remainder when g is divided by o?
8
Let s(g) = -g**3 + 11*g**2 - 9*g - 7. Calculate the remainder when s(10) is divided by 2.
1
Suppose -4*r = -2*f + 16 - 2, 39 = 2*f + r. What is the remainder when f is divided by 5?
2
Suppose -14 = -z + 18. Let m = z - 16. Calculate the remainder when 29 is divided by m.
13
Let c = 26 - 6. Calculate the remainder when c is divided by 7.
6
Let d = 11 + -5. Let u(g) = g**2 - 6*g + 6. Calculate the remainder when 15 is divided by u(d).
3
Let i(t) = -10*t + 7. What is the remainder when i(-8) is divided by 22?
21
Let r = 1 + 24. Let y(c) = 7*c**2 + 3*c - 1. Let u be y(2). Let q = 46 - u. What is the remainder when r is divided by q?
12
Let u = -4 - -6. Let i be (1 - -45) + (-6)/u. Suppose -5*v - i + 163 = -3*p, 3*v = -2*p + 53. What is the remainder when 61 is divided by v?
19
Calculate the remainder when 76 is divided by 35/14*(-104)/(-10).
24
Let l(j) = j + 64. What is the remainder when l(-15) is divided by 25?
24
Let g be 37/(-5) + (-4)/(-10). Let l = 23 + g. Calculate the remainder when l is divided by 6.
4
Let i(a) = -2*a**3 - 4*a**2 - a + 2. What is the remainder when i(-3) is divided by 8?
7
Let g = -270 + 389. What is the remainder when g is divided by 12?
11
Suppose 0 = 3*t + 12, -3*n + 4*t = 7*t - 63. Calculate the remainder when n is divided by 14.
11
Suppose 2*y = -g + 20, 7*y - 3*g = 5*y + 36. Let b = -8 + y. Calculate the remainder when 10 is divided by b.
2
Let m(u) = u**2 + 8*u + 15. What is the remainder when 15 is divided by m(-6)?
0
Let g = 91 + -56. What is the remainder when g is divided by 9?
8
Suppose 2*q + q - 60 = 0. Calculate the remainder when 4*1*295/20 is divided by q.
19
Let m(g) = g**3 - 12*g**2 - 11*g - 14. What is the remainder when m(13) is divided by 5?
2
Suppose i - 25 = 2*c, c + 16 = -3*i + 91. Let w = i + -4. Calculate the remainder when 82 is divided by w.
19
Calculate the remainder when 44 is divided by 7/((-35)/(-75)) - (0 - 1).
12
Let n(w) = -8*w**2 + 3*w. Let h(q) = 105*q**2 - 40*q. Let z(u) = -3*h(u) - 40*n(u). Calculate the remainder when z(-2) is divided by 11.
9
Let g = 36 - 30. What is the remainder when 20 is divided by g?
2
Let l(v) = 4*v**2. Let d be l(-1). Suppose 5*c = -d*h + 55 + 53, 5*h = -2*c + 118. Calculate the remainder when h is divided by 6.
4
Let k(m) = m**2 + 12*m - 5. Let y be k(-12). Let l(o) = -o**3 - 5*o**2 - 2*o + 5. What is the remainder when 42 is divided by l(y)?
12
Let m(h) = 2*h + 15. Calculate the remainder when m(0) is divided by 4.
3
Let d = 423 + -401. Suppose 52 = 2*z - 120. What is the remainder when z is divided by d?
20
Let d(p) = -p**3 + 4*p**2 + 3*p + 3. Let l be d(5). Let c = 19 + l. Suppose -2*g + 15 = g. Calculate the remainder when c is divided by g.
2
Let b(j) be the first derivative of -j**4/4 - 2*j**3/3 + 4*j**2 + 2*j + 8. What is the remainder when b(-6) is divided by 25?
23
Let r be 6/(-5)*(-420)/(-18). What is the remainder when 41 + (1/1 - 2) is divided by r/6*(-1 + -2)?
12
Suppose 0 = -4*v - 2*b + 54, -3*v + 15 + 30 = -3*b. Calculate the remainder when v is divided by 4.
2
Suppose -l = -5*p + 21, -l = p - 3 - 6. Let t(r) = 4*r**2 + r. Let f be t(1). Suppose -4*b + f*b = 2. Calculate the remainder when l is divided by b.
0
Suppose 0 = -5*q, -3*z + q = 3*q - 87. Suppose -2*w + z = -21. What is the remainder when w is divided by 14?
11
Let p be 462/119 - (-4)/34. Suppose a - p = 1. What is the remainder when 19 is divided by a?
4
Let z = -46 - -75. Suppose -2*h = -3*r - 1 - 2, h = 2*r + 1. Suppose 5*l - 3*f - 56 = 0, h*l - 4*f - 38 = -0*f. Calculate the remainder when z is divided by l.
9
Let t(n) = 14*n**2 + n - 2. What is the remainder when t(-2) is divided by 18?
16
Suppose 5*l - 4 = -f - 3*f, 0 = 5*l + 2*f - 12. What is the remainder when (2 - 20)*(-3)/6 is divided by l?
1
Let a be (1/2)/(2/180). Suppose 4*v - 40 = -w + 7, 0 = -w - 5*v + a. Suppose 0 = -t + 2*t - w. Calculate the remainder when t is divided by 19.
17
Suppose 4*k + 4*i - 20 = 2*k, 0 = 3*k - 4*i + 20. Suppose 5*v - 4*j - 26 = k, 4*j + 12 = 4*v - 8. Calculate the remainder when 9 is divided by v.
3
Suppose 7*o - 3*o + p - 89 = 0, 5*o - p = 109. Suppose -3*h - 3*z - z + 105 = 0, 3*z = h - o. Let y = -13 + h. Calculate the remainder when 35 is divided by y.
17
Suppose 0 = -d - 5 + 7. What is the remainder when 9 is divided by d/(-3)*(-45)/10?
0
Suppose n + 0*n = -11. Let p(q) = -q. What is the remainder when 41 is divided by p(n)?
8
Let l be -5 + -15 - (-4)/2. Let r = l + 33. Suppose c - 3*s = r, -4*c = s - 4*s - 24. Calculate the remainder when 7 is divided by c.
1
What is the remainder when -1*(-5 - -3) + 38 is divided by 14?
12
Let f = -5 - -7. Let p = 22 + -11. What is the remainder when p is divided by 34/9 + f/9?
3
Suppose 4*b = 4, -b = -3*c - 0*b + 104. Suppose j + 20 = -0. Let l = 38 + j. Calculate the remainder when c is divided by l.
17
Suppose 7 = -2*z - 4*o + 35, 3*z - 2*o - 34 = 0. Calculate the remainder when 17 is divided by z.
5
Suppose j + 0 + 5 = d, j = -d - 1. Let x = 2 - -1. Calculate the remainder when d - 2/(1 - 2) is divided by x.
1
Suppose 0 = -3*g + 18. Suppose -g = -4*y + 10. What is the remainder when (-86)/(-8) - (-1)/4 is divided by y?
3
Let o(h) = -h**2 + 13*h + 4. Let f be o(13). Suppose 4*j - 32 = -2*n, -f*j + 3*j = 2*n - 17. What is the remainder when 21 is divided by n?
3
Suppose f = -v + 3*f + 10, 0 = v + 5*f - 45. What is the remainder when v is divided by 11?
9
Suppose -4*c = l - 16, 2*l = 6*l + 2*c - 22. Let j = 24 + -13. What is the remainder when l is divided by ((-6)/4)/(j/(-22))?
1
Let b = -3 - 3. Let k(w) = -2 + 0*w + w**2 + 5*w - w. What is the remainder when k(b) is divided by 4?
2
What is the remainder when 64 is divided by 13*(-4)/(8/(-2))?
12
Let o = -138 + 177. What is the remainder when 112 is divided by o?
34
Suppose -171 - 21 = -2*o. Calculate the remainder when o is divided by 33.
30
Let g(w) be the first derivative of 10*w + 1/2*w**2 - 2. Calculate the remainder when g(-6) is divided by 3.
1
Suppose 0 = -4*a + 13*a - 63. Calculate the remainder when 11 is divided by a.
4
Suppose 2*o - 40 = -4*z + 24, 0 = 2*z - 5*o - 32. What is the remainder when 30 is divided